{"id":2,"date":"2011-10-29T07:43:12","date_gmt":"2011-10-29T07:43:12","guid":{"rendered":"http:\/\/www.amicofragile.com\/?page_id=2"},"modified":"2017-05-21T10:41:42","modified_gmt":"2017-05-21T09:41:42","slug":"bio-gruppo-amico-fragile","status":"publish","type":"page","link":"https:\/\/www.amicofragile.com\/?page_id=2","title":{"rendered":"Il Gruppo"},"content":{"rendered":"<p><strong>\u201cAmico Fragile\u201d<\/strong>, gruppo &#8220;<em>omaggio<\/em> a <strong>Fabrizio De Andr\u00e8&#8221;<\/strong>, \u00e8 un progetto che vede uniti <strong>otto musicisti professionisti<\/strong> umbri nello studio e nella riproposizione della bella produzione musicale del grande poeta\/cantautore genovese.<\/p>\n<p>Il gruppo nasce nel 2009. Alla base, una grande passione per le parole e la musica ma soprattutto l&#8217;uomo <strong><em>Fabrizio De Andr\u00e8<\/em>, <\/strong>e la volont\u00e0 di portare in scena uno spettacolo basato sui noti arrangiamenti della<strong> PFM <\/strong>e quelli del <strong>Teatro Brancaccio<\/strong> a Roma<strong>.<br \/>\n<\/strong><\/p>\n<p>In cinque anni Amico Fragile si \u00e8 esibito in piazze, locali, auditorium e teatri italiani, portando in scena uno spettacolo fatto di immagini, luci, e logicamente tanta musica, interamente dedicato alla figura di Faber e alla sua eccezionale opera.<\/p>\n<p>Dal debutto avvenuto nel maggio del 2009 dopo 2 mesi di continue prove ed un attento studio del repertorio da portare in scena, oggi il gruppo conta al suo attivo oltre <strong>150 concerti e pi\u00f9 di 30 brani di repertorio<\/strong> impreziositi da alcuni arrangiamenti originali.<\/p>\n<p>Per coronare il buon lavoro svolto, nel dicembre del <strong>2010<\/strong> il gruppo \u00e8 entrato in studio di registrazione per la <strong>prima auto-produzione di un CD<\/strong> e nel 2013, in collaborazione con <em>Michele Ascolese<\/em>, storico chitarrista di <strong>Fabrizio de Andr\u00e8<\/strong>, iniziano un lavoro su brani inediti. Nello stesso anno arrivano finalisti al <strong>Music Italy Show di Bologna per il Capitalent indetto da Radio Capital<\/strong><\/p>\n<p>Il nome del gruppo, \u201c<strong><em>Amico Fragile<\/em><\/strong>\u201d, \u00e8 stato scelto tra i tanti titoli della discografia di De Andr\u00e8 perch\u00e9 forse uno dei pi\u00f9 intimi e personali dell\u2019artista, un manifesto letterario, ideologico ma soprattutto un testo che parla non tanto del Poeta ma dell\u2019Uomo Fabrizio De Andr\u00e8. Cos\u00ec, la scelta del nome \u201c<em>Amico Fragile<\/em>\u201d \u2013 pur non possedendo la risonanza di altre ben pi\u00f9 note frasi o titoli \u2013 intende essere ancora di pi\u00f9 un omaggio all\u2019amato cantautore genovese<\/p>\n<blockquote><p>\u00a0Amico fragile \u00e8 nata cos\u00ec: quando ero ancora con la mia prima moglie, fui invitato una sera a Portobello di Gallura, dove m&#8217;ero fatto una casa nel &#8217;69, in uno di questi ghetti della costa nord sarda: d&#8217;estate arrivavano tutti, romani, milanesi&#8230; in questo parco residenziale, e m&#8217;invitavano la sera che per me finiva sempre col chiudersi puntualmente con la chitarra in mano. Una sera ho tentato di dire: &#8220;Perch\u00e9 piuttosto non parliamo di&#8230;&#8221;. Era il periodo, ricordo, che Paolo VI se n&#8217;era venuto fuori con la faccenda &#8211; ripresa poi mi pare da quest&#8217;altro qui, della stessa pasta &#8211; degli esorcismi. Insomma dico: &#8220;Parliamo un po&#8217; di quello che sta succedendo in Italia&#8230;&#8221;; nemmeno per sogno, io dovevo suonare. Allora mi sono proprio rotto i coglioni, mi sono ubriacato sconciamente, ho insultato tutti, me ne sono tornato a casa e ho scritto Amico fragile. L&#8217;ho scritta da sbronzo, in un&#8217;unica notte. Ricordo che erano circa le otto del mattino, mia moglie mi cercava, non mi trovava n\u00e9 a letto n\u00e9 da nessun&#8217;altra parte: c&#8217;era infatti una specie di buco a casa nostra, che era poi una dispensa priva anche di mobili, dove m&#8217;ero rifugiato e mi hanno trovato l\u00ec che stavo finendo proprio questa canzone.<\/p>\n<p>[<strong>F. De Andr\u00e9<\/strong>, in Doriano Fasoli, Fabrizio De Andr\u00e9. <em>Passaggi di tempo<\/em>]<\/p>\n<p><strong>\u201cperch\u00e9 gi\u00e0 dalla prima trincea \/ ero pi\u00f9 curioso di voi, \/ ero molto pi\u00f9 curioso di voi\u201d\u00a0<\/strong><\/p><\/blockquote>\n","protected":false},"excerpt":{"rendered":"<p>\u201cAmico Fragile\u201d, gruppo &#8220;omaggio a Fabrizio De Andr\u00e8&#8221;, \u00e8 un progetto che vede uniti otto musicisti professionisti umbri nello studio [&hellip;]<\/p>\n","protected":false},"author":1,"featured_media":0,"parent":0,"menu_order":0,"comment_status":"closed","ping_status":"closed","template":"","meta":{"ngg_post_thumbnail":0,"footnotes":""},"_links":{"self":[{"href":"https:\/\/www.amicofragile.com\/index.php?rest_route=\/wp\/v2\/pages\/2"}],"collection":[{"href":"https:\/\/www.amicofragile.com\/index.php?rest_route=\/wp\/v2\/pages"}],"about":[{"href":"https:\/\/www.amicofragile.com\/index.php?rest_route=\/wp\/v2\/types\/page"}],"author":[{"embeddable":true,"href":"https:\/\/www.amicofragile.com\/index.php?rest_route=\/wp\/v2\/users\/1"}],"replies":[{"embeddable":true,"href":"https:\/\/www.amicofragile.com\/index.php?rest_route=%2Fwp%2Fv2%2Fcomments&post=2"}],"version-history":[{"count":29,"href":"https:\/\/www.amicofragile.com\/index.php?rest_route=\/wp\/v2\/pages\/2\/revisions"}],"predecessor-version":[{"id":2075,"href":"https:\/\/www.amicofragile.com\/index.php?rest_route=\/wp\/v2\/pages\/2\/revisions\/2075"}],"wp:attachment":[{"href":"https:\/\/www.amicofragile.com\/index.php?rest_route=%2Fwp%2Fv2%2Fmedia&parent=2"}],"curies":[{"name":"wp","href":"https:\/\/api.w.org\/{rel}","templated":true}]}}

<p><strong>“Amico Fragile”</strong>, gruppo &#8220;<em>omaggio</em> a <strong>Fabrizio De Andrè&#8221;</strong>, è un progetto che vede uniti <strong>otto musicisti professionisti</strong> umbri nello studio e nella riproposizione della bella produzione musicale del grande poeta/cantautore genovese.</p>
<p>Il gruppo nasce nel 2009. Alla base, una grande passione per le parole e la musica ma soprattutto l&#8217;uomo <strong><em>Fabrizio De Andrè</em>, </strong>e la volontà di portare in scena uno spettacolo basato sui noti arrangiamenti della<strong> PFM </strong>e quelli del <strong>Teatro Brancaccio</strong> a Roma<strong>.<br />
</strong></p>
<p>In cinque anni Amico Fragile si è esibito in piazze, locali, auditorium e teatri italiani, portando in scena uno spettacolo fatto di immagini, luci, e logicamente tanta musica, interamente dedicato alla figura di Faber e alla sua eccezionale opera.</p>
<p>Dal debutto avvenuto nel maggio del 2009 dopo 2 mesi di continue prove ed un attento studio del repertorio da portare in scena, oggi il gruppo conta al suo attivo oltre <strong>150 concerti e più di 30 brani di repertorio</strong> impreziositi da alcuni arrangiamenti originali.</p>
<p>Per coronare il buon lavoro svolto, nel dicembre del <strong>2010</strong> il gruppo è entrato in studio di registrazione per la <strong>prima auto-produzione di un CD</strong> e nel 2013, in collaborazione con <em>Michele Ascolese</em>, storico chitarrista di <strong>Fabrizio de Andrè</strong>, iniziano un lavoro su brani inediti. Nello stesso anno arrivano finalisti al <strong>Music Italy Show di Bologna per il Capitalent indetto da Radio Capital</strong></p>
<p>Il nome del gruppo, “<strong><em>Amico Fragile</em></strong>”, è stato scelto tra i tanti titoli della discografia di De Andrè perché forse uno dei più intimi e personali dell’artista, un manifesto letterario, ideologico ma soprattutto un testo che parla non tanto del Poeta ma dell’Uomo Fabrizio De Andrè. Così, la scelta del nome “<em>Amico Fragile</em>” – pur non possedendo la risonanza di altre ben più note frasi o titoli – intende essere ancora di più un omaggio all’amato cantautore genovese</p>
<blockquote><p> Amico fragile è nata così: quando ero ancora con la mia prima moglie, fui invitato una sera a Portobello di Gallura, dove m&#8217;ero fatto una casa nel &#8217;69, in uno di questi ghetti della costa nord sarda: d&#8217;estate arrivavano tutti, romani, milanesi&#8230; in questo parco residenziale, e m&#8217;invitavano la sera che per me finiva sempre col chiudersi puntualmente con la chitarra in mano. Una sera ho tentato di dire: &#8220;Perché piuttosto non parliamo di&#8230;&#8221;. Era il periodo, ricordo, che Paolo VI se n&#8217;era venuto fuori con la faccenda &#8211; ripresa poi mi pare da quest&#8217;altro qui, della stessa pasta &#8211; degli esorcismi. Insomma dico: &#8220;Parliamo un po&#8217; di quello che sta succedendo in Italia&#8230;&#8221;; nemmeno per sogno, io dovevo suonare. Allora mi sono proprio rotto i coglioni, mi sono ubriacato sconciamente, ho insultato tutti, me ne sono tornato a casa e ho scritto Amico fragile. L&#8217;ho scritta da sbronzo, in un&#8217;unica notte. Ricordo che erano circa le otto del mattino, mia moglie mi cercava, non mi trovava né a letto né da nessun&#8217;altra parte: c&#8217;era infatti una specie di buco a casa nostra, che era poi una dispensa priva anche di mobili, dove m&#8217;ero rifugiato e mi hanno trovato lì che stavo finendo proprio questa canzone.</p>
<p>[<strong>F. De André</strong>, in Doriano Fasoli, Fabrizio De André. <em>Passaggi di tempo</em>]</p>
<p><strong>“perché già dalla prima trincea / ero più curioso di voi, / ero molto più curioso di voi” </strong></p></blockquote>

<p>“Amico Fragile”, gruppo &#8220;omaggio a Fabrizio De Andrè&#8221;, è un progetto che vede uniti otto musicisti professionisti umbri nello studio [&hellip;]</p>
